 10, what is 10 - -50?
60
In base 10, what is 0 + 4824?
4824
In base 8, what is -17 - 25?
-44
In base 16, what is 1e + 37?
55
In base 15, what is -1d1 - 2?
-1d3
In base 10, what is 6 + -227?
-221
In base 6, what is 220 - -3?
223
In base 12, what is 2 - 80?
-7a
In base 13, what is -1 - -155?
154
In base 9, what is 24 - -6?
31
In base 15, what is 0 - -533?
533
In base 8, what is -21417 - 3?
-21422
In base 16, what is 1 - -44?
45
In base 2, what is 10010101 + 100000?
10110101
In base 6, what is -14 - -50?
32
In base 12, what is 268a - 6?
2684
In base 10, what is 18 + -2?
16
In base 15, what is -2 + -1bd?
-1c0
In base 12, what is 706 + 0?
706
In base 14, what is 32 - 3?
2d
In base 13, what is 36 + -91?
-58
In base 4, what is -200212 - -20?
-200132
In base 8, what is -245 + 5?
-240
In base 2, what is 100 - 11000?
-10100
In base 11, what is 248 + -3?
245
In base 12, what is 1 + -709?
-708
In base 5, what is 220 - 11?
204
In base 7, what is -15 - -430?
412
In base 12, what is 3 - -17?
1a
In base 3, what is -1122 - 100?
-1222
In base 16, what is -1 + b1?
b0
In base 4, what is -33 - -2121?
2022
In base 11, what is 157 + -19?
139
In base 10, what is -4 - -744?
740
In base 12, what is -b4 + -10?
-104
In base 8, what is -320 + 1?
-317
In base 2, what is 11 - -11000?
11011
In base 10, what is -329 - -5?
-324
In base 5, what is -1 - -33?
32
In base 6, what is 1350 - -134?
1524
In base 8, what is -4 - -4?
0
In base 5, what is 12 - 120?
-103
In base 14, what is 2 + -3c?
-3a
In base 10, what is -4 + -17?
-21
In base 14, what is -5 - 827?
-82c
In base 10, what is 99 + 2?
101
In base 2, what is -10011 - -1100?
-111
In base 13, what is 87 - -12?
99
In base 5, what is -40 - -30?
-10
In base 3, what is 0 + -1102?
-1102
In base 2, what is 1100110 - 1001101?
11001
In base 3, what is -22 + 0?
-22
In base 16, what is 1 - -c9?
ca
In base 10, what is 512 + 0?
512
In base 13, what is 16a + 7?
174
In base 3, what is -10 - -10002220?
10002210
In base 13, what is 9 - 54?
-48
In base 11, what is 1 + 402?
403
In base 14, what is 23 + -11?
12
In base 4, what is -2 - -300?
232
In base 4, what is 323 + 120?
1103
In base 4, what is 11 - -30112?
30123
In base 3, what is 1210 + 0?
1210
In base 9, what is -66 - 3?
-70
In base 13, what is -214 - 2?
-216
In base 7, what is 5 + 1145?
1153
In base 14, what is 19a - -6?
1a2
In base 13, what is 3c8 - -2?
3ca
In base 16, what is 16b0 - 2?
16ae
In base 4, what is -1033 + -2?
-1101
In base 8, what is -5 - 20?
-25
In base 12, what is 16 + -8a?
-74
In base 12, what is -145 + -1a?
-163
In base 9, what is 286 - 0?
286
In base 6, what is -200022 + 1?
-200021
In base 5, what is 40 + 1034?
1124
In base 15, what is 12 + 41?
53
In base 2, what is 1011 + 1010111101?
1011001000
In base 4, what is 31 + 3031?
3122
In base 8, what is -10 + 1272?
1262
In base 16, what is -18e9 + 4?
-18e5
In base 8, what is -4 - -133?
127
In base 16, what is -5d + -4?
-61
In base 3, what is 110001 - 11?
102220
In base 13, what is 452c + -1?
452b
In base 13, what is 2 + -1?
1
In base 10, what is 48 + -4?
44
In base 16, what is -1 + 29?
28
In base 16, what is 0 - a?
-a
In base 5, what is 3241 - 2?
3234
In base 9, what is -176 + 0?
-176
In base 6, what is -30 + -4?
-34
In base 3, what is 11 + 1112?
1200
In base 7, what is -4034 + 4?
-4030
In base 16, what is 17 + -1d?
-6
In base 15, what is 4696 + -2?
4694
In base 12, what is 44 + 50?
94
In base 11, what is 2 - 102?
-100
In base 5, what is 234 - 12?
222
In base 14, what is 1162 - 5?
115b
In base 10, what is -3 + -75?
-78
In base 8, what is 426 + -2?
424
In base 13, what is a82 + -3?
a7c
In base 3, what is 10212 + -121?
10021
In base 10, what is -3 + -920?
-923
In base 12, what is 7 + -81?
-76
In base 2, what is 0 + -101001000000?
-101001000000
In base 15, what is 8b + -4?
87
In base 10, what is 451 - 15?
436
In base 16, what is 4 + -8a?
-86
In base 6, what is -13 - 3105?
-3122
In base 3, what is 10 + -100?
-20
In base 15, what is 9d + -b?
92
In base 3, what is -120112 + 2?
-120110
In base 6, what is -3221 + -10?
-3231
In base 10, what is 3 - 784?
-781
In base 7, what is 1 + 115?
116
In base 14, what is -221 + 1?
-220
In base 11, what is -4 - -2374?
2370
In base 7, what is -2412 - -2?
-2410
In base 5, what is 32 + 20?
102
In base 6, what is 1 + 124?
125
In base 8, what is 6 - 566?
-560
In base 6, what is -20 - -152?
132
In base 4, what is 2311 + -11?
2300
In base 10, what is -33 - -113?
80
In base 9, what is 24 + 423?
447
In base 14, what is -9 - -d?
4
In base 7, what is -4 + 12?
5
In base 11, what is -5 + -42?
-47
In base 7, what is -1436 - 4?
-1443
In base 2, what is 101 - -1110011?
1111000
In base 12, what is -2 - 46?
-48
In base 8, what is -11 - 15?
-26
In base 5, what is 103044 + -1?
103043
In base 15, what is -2 - -2b5?
2b3
In base 2, what is -111001 + -10?
-111011
In base 7, what is 445 + 4?
452
In base 4, what is -22 - 1202?
-1230
In base 3, what is 20 - -22?
112
In base 13, what is -1 - -432?
431
In base 6, what is 1003 + -103?
500
In base 2, what is -1 - -100011111?
100011110
In base 7, what is -406 + -2?
-411
In base 8, what is -12 + -311?
-323
In base 10, what is -242 - 25?
-267
In base 8, what is -7207 + 2?
-7205
In base 11, what is 3 + 3?
6
In base 14, what is -4 + -382?
-386
In base 11, what is -7a + -2?
-81
In base 10, what is -3 + 382?
379
In base 2, what is -100 + -11?
-111
In base 8, what is -66 + 73?
5
In base 13, what is 70 + 5?
75
In base 16, what is 8 + -7?
1
In base 7, what is 1461 + 13?
1504
In base 2, what is -100100000110 + -100?
-100100001010
In base 6, what is 23145 - 4?
23141
In base 11, what is -8 - -9?
1
In base 9, what is 0 + -310?
-310
In base 2, what is -1 - 1?
-10
In base 5, what is 0 - -1102?
1102
In base 15, what is -4 - -34?
30
In base 13, what is 3 - -71?
74
In base 11, what is 11 + -1a?
-9
In base 13, what is 2a7 - -46?
320
In base 3, what is -220 - -10?
-210
In base 7, what is 12 - -11?
23
In base 12, what is 3 - b85?
-b82
In base 14, what is 6 + -27?
-21
In base 15, what is 13d - -d?
14b
In base 4, what is -13003 + 0?
-13003
In base 4, what is 113 - 12011?
-11232
In base 4, what is -322 + 10212?
3230
In base 15, what is 3 + -999?
-996
In base 7, what is -2 + -1354?
-1356
In base 9, what is -356 + -1?
-357
In base 5, what is 200 + 123?
323
In base 16, what is a - 7?
3
In base 3, what is -12 + -1220?
-2002
In base 9, what is -15 + 15?
0
In base 4, what is 22 + 1121?
1203
In base 8, what is -10 - 12?
-22
In base 13, what is -1 - 32?
-33
In base 6, what is -504 - 2?
-510
In base 2, what is -100 + 11000010010?
11000001110
In base 11, what is -114 - 5?
-119
In base 11, what is -5 + -3584?
-3589
In base 15, what is -490 + 0?
-490
In base 3, what is 10 + 21202?
21212
In base 5, what is -342 + -2?
-344
In base 2, what is 110010 - -11?
110101
In base 7, what is -2 + 605?
603
In base 15, what is -11 - 2?
-13
In base 2, what is -1001 - 1001?
-10010
In base 3, what is -10 + -20101221?
-20102001
In base 9, what is 44 - 85?
-41
In base 8, what is -25140 + -5?
-25145
In base 6, what is 5003 + 1?
5004
In base 9, what is -5 + -3?
-8
In base 3, what is 211 - -122?
1110
In base 6, what is 2140 - 5?
2131
In base 12, what is 3 + 192?
195
In base 13, what is -b753 + -4?
-b757
In base 3, what is -22 + -10220021?
-10220120
In base 10, what is 0 - -637?
637
In base 7, what is 2 + 200?
202
In base 14, what is 5 + 18?
1d
In base 13, what is -c + 27?
18
In base 6, what is -2 + 222?
220
In base 10, what is -12 - 97?
-109
In base 4, what is 33121 + -2?
33113
In base 15, what is 1419 - -5?
141e
In base 9, what is 4 + -1545?
-1541
In base 13, what is -2 - 128?
-12a
In base 6, what is -1 + -10052?
-10053
In base 16, what is 3 - 168?
-165
In base 15, what is 1422 + 1?
1423
In base 3, what is -12111 + 111?
-12000
In base 10, what is -798 - -14?
-784
In base 10, what is -42 + 9?
-33
In base 3, what is 22000 - 10?
21220
In base 2, what is -10000110010 - -1?
-10000110001
In base 4, what is -3312300 + -2?
-3312302
In base 9, what is 15 + 382?
407
In base 10, what is -5297 + -5?
-5302
In base 11, what is 372 - 3?
36a
In base 11, what is 3 + 10?
13
In base 3, what is 2202212 + -11?
2202201
In base 2, what is -1 - -10011110?
10011101
In base 8, what is -1 + -2065?
-2066
In base 2, what is 11 + -10011010?
-10010111
In base 7